{"id":1114,"date":"2021-12-19T23:37:22","date_gmt":"2021-12-19T22:37:22","guid":{"rendered":"https:\/\/www.cep.sk\/the-war-in-the-balkans\/vojna-v-slovinsku\/"},"modified":"2022-01-26T19:38:22","modified_gmt":"2022-01-26T18:38:22","slug":"war-in-slovenia","status":"publish","type":"page","link":"https:\/\/www.cep.sk\/en\/the-war-in-the-balkans\/war-in-slovenia\/","title":{"rendered":"War in Slovenia"},"content":{"rendered":"<div id=\"\" class=\"element core-spacer\">\n<div style=\"height:130px\" aria-hidden=\"true\" class=\"wp-block-spacer\"><\/div>\n<\/div>\n\n<div id=\"\" class=\"element core-columns\">\n<div class=\"wp-block-columns is-layout-flex wp-container-core-columns-is-layout-9d6595d7 wp-block-columns-is-layout-flex\"><div id=\"\" class=\"element core-column\">\n<div class=\"wp-block-column is-layout-flow wp-block-column-is-layout-flow\"><div id=\"\" class=\"element acf-modul blue\">\n\n<section class=\"modul blue\">\n\t<div class=\"wrapper-out\">\n\t\t<div class=\"wrapper-in\">\n\t\t\t<div class=\"element-inner\" style=\"background-image: url(https:\/\/www.cep.sk\/wp-content\/uploads\/2021\/12\/Group-1146.svg);\">\n\t       <h2>A war that<br \/>\nlasted 10<br \/>\ndays<\/h2>\n                                                                                       \t\t\t<\/div>\n\t\t<\/div>\n\t<\/div>\n<\/section>\n<\/div><\/div>\n<\/div>\n\n<div id=\"\" class=\"element core-column\">\n<div class=\"wp-block-column is-layout-flow wp-block-column-is-layout-flow\"><div id=\"\" class=\"element acf-modul\">\n\n<section class=\"modul\">\n\t<div class=\"wrapper-out\">\n\t\t<div class=\"wrapper-in\">\n\t\t\t<div class=\"element-inner\" >\n\t       <p>After the declaration of independence of Slovenia in June 1991, the Yugoslav People&#8217;s army was deployed on its territory and the so-called ten-day war broke out. The Slovenian army had less equipment and fewer personnel, but it was well braced for combat. The Yugoslav army was stronger, but it was not united and underestimated the onslaught on Slovenia (for example, its food supplies were not properly managed.)<\/p>\n<p>Slovenia was not a priority for the Serbs. There was no Serbian minority living there, and so the war was quickly over.<\/p>\n                                                                                       \t\t\t<\/div>\n\t\t<\/div>\n\t<\/div>\n<\/section>\n<\/div><\/div>\n<\/div>\n\n<div id=\"\" class=\"element core-column\">\n<div class=\"wp-block-column is-layout-flow wp-block-column-is-layout-flow\"><div id=\"\" class=\"element acf-modul\">\n\n<section class=\"modul\">\n\t<div class=\"wrapper-out\">\n\t\t<div class=\"wrapper-in\">\n\t\t\t<div class=\"element-inner\" >\n\t       <blockquote><p>We all followed the news about this war and said to one another that something like that would not happen in our country.<\/p><\/blockquote>\n<p>Erna, citizen of Sarajevo<\/p>\n                                                                                       \t\t\t<\/div>\n\t\t<\/div>\n\t<\/div>\n<\/section>\n<\/div><\/div>\n<\/div><\/div>\n<\/div>\n\n<div id=\"\" class=\"element core-columns\">\n<div class=\"wp-block-columns is-layout-flex wp-container-core-columns-is-layout-9d6595d7 wp-block-columns-is-layout-flex\"><div id=\"\" class=\"element core-column sirka-2-3\">\n<div class=\"wp-block-column sirka-2-3 is-layout-flow wp-block-column-is-layout-flow\"><div id=\"\" class=\"element acf-modul len-obrazok\">\n\n<section class=\"modul len-obrazok\">\n\t<div class=\"wrapper-out\">\n\t\t<div class=\"wrapper-in\">\n\t\t\t<div class=\"element-inner\" style=\"background-image: url(https:\/\/www.cep.sk\/wp-content\/uploads\/2021\/12\/vojna-v-slovinsku.png);\">\n\t                                                                                              \t\t\t<\/div>\n\t\t<\/div>\n\t<\/div>\n<\/section>\n<\/div><\/div>\n<\/div>\n\n<div id=\"\" class=\"element core-column\">\n<div class=\"wp-block-column is-layout-flow wp-block-column-is-layout-flow\"><div id=\"\" class=\"element acf-modul velky-svetly-text\">\n\n<section class=\"modul velky-svetly-text\">\n\t<div class=\"wrapper-out\">\n\t\t<div class=\"wrapper-in\">\n\t\t\t<div class=\"element-inner\" >\n\t       <p>The break-up of the Socialist Federal Republic of Yugoslavia started with the independence of Slovenia.<\/p>\n                                                                                       \t\t\t<\/div>\n\t\t<\/div>\n\t<\/div>\n<\/section>\n<\/div><\/div>\n<\/div><\/div>\n<\/div>\n\n<div id=\"\" class=\"element core-spacer\">\n<div style=\"height:45px\" aria-hidden=\"true\" class=\"wp-block-spacer\"><\/div>\n<\/div>\n\n<div id=\"\" class=\"element core-heading padding-side\">\n<h2 class=\"padding-side wp-block-heading\" id=\"jedna-vojna-tri-pribehy\">Jedna vojna,<br>tri pr\u00edbehy <\/h2>\n<\/div>\n\n<div id=\"\" class=\"element core-columns rozcestnik\">\n<div class=\"wp-block-columns rozcestnik is-layout-flex wp-container-core-columns-is-layout-9d6595d7 wp-block-columns-is-layout-flex\"><div id=\"\" class=\"element core-column\">\n<div class=\"wp-block-column is-layout-flow wp-block-column-is-layout-flow\"><div id=\"\" class=\"element acf-modul hr\">\n\n<section class=\"modul hr\">\n\t<div class=\"wrapper-out\">\n\t\t<div class=\"wrapper-in\">\n\t\t\t<div class=\"element-inner\" >\n\t       <h3>War<br \/>\nin Croatia<br \/>\n<strong>1991-1995<\/strong><\/h3>\n<p>K\u00fdm Slov\u00e1ci na severe krajiny dovolenkovali, inde z\u00farila vojna.<\/p>\n<p><a class=\"button button-light-black-2\" href=\"https:\/\/www.cep.sk\/en\/the-war-in-the-balkans\/war-in-croatia\/\">O vojne v Chorv\u00e1tsku<\/a><\/p>\n                                                                                       \t\t\t<\/div>\n\t\t<\/div>\n\t<\/div>\n<\/section>\n<\/div><\/div>\n<\/div>\n\n<div id=\"\" class=\"element core-column\">\n<div class=\"wp-block-column is-layout-flow wp-block-column-is-layout-flow\"><div id=\"\" class=\"element acf-modul bih\">\n\n<section class=\"modul bih\">\n\t<div class=\"wrapper-out\">\n\t\t<div class=\"wrapper-in\">\n\t\t\t<div class=\"element-inner\" >\n\t       <h3>War in Bosnia<br \/>\nand Herzegovina<br \/>\n<strong>1992-1995<\/strong><\/h3>\n<p>Krajina, kde bojovali v\u0161etci proti v\u0161etk\u00fdm.<\/p>\n<p><a class=\"button button-light-black-2\" href=\"https:\/\/www.cep.sk\/en\/the-war-in-the-balkans\/war-in-bosnia-and-herzegovina\/\">O vojne v Bosne a Hercegovine<\/a><\/p>\n                                                                                       \t\t\t<\/div>\n\t\t<\/div>\n\t<\/div>\n<\/section>\n<\/div><\/div>\n<\/div>\n\n<div id=\"\" class=\"element core-column\">\n<div class=\"wp-block-column is-layout-flow wp-block-column-is-layout-flow\"><div id=\"\" class=\"element acf-modul spat\">\n\n<section class=\"modul spat\">\n\t<div class=\"wrapper-out\">\n\t\t<div class=\"wrapper-in\">\n\t\t\t<div class=\"element-inner\" >\n\t       <h3>Sp\u00e4\u0165 na<br \/>\n\u00favod o vojne<\/h3>\n<p><a class=\"button button-light-black-2\" href=\"https:\/\/www.cep.sk\/en\/the-war-in-the-balkans\/\">Ako sa z na\u0161ich stali cudz\u00ed<\/a><\/p>\n                                                                                       \t\t\t<\/div>\n\t\t<\/div>\n\t<\/div>\n<\/section>\n<\/div><\/div>\n<\/div><\/div>\n<\/div>","protected":false},"excerpt":{"rendered":"<p>Jedna vojna,tri pr\u00edbehy<\/p>\n","protected":false},"author":1,"featured_media":0,"parent":1081,"menu_order":2,"comment_status":"closed","ping_status":"closed","template":"","meta":{"inline_featured_image":false,"footnotes":""},"class_list":["post-1114","page","type-page","status-publish","hentry"],"acf":[],"yoast_head":"<!-- This site is optimized with the Yoast SEO plugin v19.11 - https:\/\/yoast.com\/wordpress\/plugins\/seo\/ -->\n<title>War in Slovenia - Centrum pre eur\u00f3psku politiku<\/title>\n<meta name=\"robots\" content=\"index, follow, max-snippet:-1, max-image-preview:large, max-video-preview:-1\" \/>\n<link rel=\"canonical\" href=\"https:\/\/www.cep.sk\/en\/the-war-in-the-balkans\/war-in-slovenia\/\" \/>\n<meta property=\"og:locale\" content=\"en_US\" \/>\n<meta property=\"og:type\" content=\"article\" \/>\n<meta property=\"og:title\" content=\"War in Slovenia - Centrum pre eur\u00f3psku politiku\" \/>\n<meta property=\"og:description\" content=\"Jedna vojna,tri pr\u00edbehy\" \/>\n<meta property=\"og:url\" content=\"https:\/\/www.cep.sk\/en\/the-war-in-the-balkans\/war-in-slovenia\/\" \/>\n<meta property=\"og:site_name\" content=\"Centrum pre eur\u00f3psku politiku\" \/>\n<meta property=\"article:modified_time\" content=\"2022-01-26T18:38:22+00:00\" \/>\n<meta property=\"og:image\" content=\"https:\/\/www.cep.sk\/wp-content\/uploads\/2022\/01\/CEP_Sharepic-page.png\" \/>\n\t<meta property=\"og:image:width\" content=\"1200\" \/>\n\t<meta property=\"og:image:height\" content=\"628\" \/>\n\t<meta property=\"og:image:type\" content=\"image\/png\" \/>\n<meta name=\"twitter:card\" content=\"summary_large_image\" \/>\n<meta name=\"twitter:label1\" content=\"Est. reading time\" \/>\n\t<meta name=\"twitter:data1\" content=\"1 minute\" \/>\n<script type=\"application\/ld+json\" class=\"yoast-schema-graph\">{\"@context\":\"https:\/\/schema.org\",\"@graph\":[{\"@type\":\"WebPage\",\"@id\":\"https:\/\/www.cep.sk\/en\/the-war-in-the-balkans\/war-in-slovenia\/\",\"url\":\"https:\/\/www.cep.sk\/en\/the-war-in-the-balkans\/war-in-slovenia\/\",\"name\":\"War in Slovenia - Centrum pre eur\u00f3psku politiku\",\"isPartOf\":{\"@id\":\"https:\/\/www.cep.sk\/#website\"},\"datePublished\":\"2021-12-19T22:37:22+00:00\",\"dateModified\":\"2022-01-26T18:38:22+00:00\",\"breadcrumb\":{\"@id\":\"https:\/\/www.cep.sk\/en\/the-war-in-the-balkans\/war-in-slovenia\/#breadcrumb\"},\"inLanguage\":\"en-US\",\"potentialAction\":[{\"@type\":\"ReadAction\",\"target\":[\"https:\/\/www.cep.sk\/en\/the-war-in-the-balkans\/war-in-slovenia\/\"]}]},{\"@type\":\"BreadcrumbList\",\"@id\":\"https:\/\/www.cep.sk\/en\/the-war-in-the-balkans\/war-in-slovenia\/#breadcrumb\",\"itemListElement\":[{\"@type\":\"ListItem\",\"position\":1,\"name\":\"Domovsk\u00e1 str\u00e1nka\",\"item\":\"https:\/\/www.cep.sk\/\"},{\"@type\":\"ListItem\",\"position\":2,\"name\":\"The war in the Balkans\",\"item\":\"https:\/\/www.cep.sk\/en\/the-war-in-the-balkans\/\"},{\"@type\":\"ListItem\",\"position\":3,\"name\":\"War in Slovenia\"}]},{\"@type\":\"WebSite\",\"@id\":\"https:\/\/www.cep.sk\/#website\",\"url\":\"https:\/\/www.cep.sk\/\",\"name\":\"Centrum pre eur\u00f3psku politiku\",\"description\":\"Motivujeme mlad\u00fdch k akt\u00edvnemu ob\u010dianstvu\",\"potentialAction\":[{\"@type\":\"SearchAction\",\"target\":{\"@type\":\"EntryPoint\",\"urlTemplate\":\"https:\/\/www.cep.sk\/?s={search_term_string}\"},\"query-input\":\"required name=search_term_string\"}],\"inLanguage\":\"en-US\"}]}<\/script>\n<!-- \/ Yoast SEO plugin. -->","yoast_head_json":{"title":"War in Slovenia - Centrum pre eur\u00f3psku politiku","robots":{"index":"index","follow":"follow","max-snippet":"max-snippet:-1","max-image-preview":"max-image-preview:large","max-video-preview":"max-video-preview:-1"},"canonical":"https:\/\/www.cep.sk\/en\/the-war-in-the-balkans\/war-in-slovenia\/","og_locale":"en_US","og_type":"article","og_title":"War in Slovenia - Centrum pre eur\u00f3psku politiku","og_description":"Jedna vojna,tri pr\u00edbehy","og_url":"https:\/\/www.cep.sk\/en\/the-war-in-the-balkans\/war-in-slovenia\/","og_site_name":"Centrum pre eur\u00f3psku politiku","article_modified_time":"2022-01-26T18:38:22+00:00","og_image":[{"width":1200,"height":628,"url":"https:\/\/www.cep.sk\/wp-content\/uploads\/2022\/01\/CEP_Sharepic-page.png","type":"image\/png"}],"twitter_card":"summary_large_image","twitter_misc":{"Est. reading time":"1 minute"},"schema":{"@context":"https:\/\/schema.org","@graph":[{"@type":"WebPage","@id":"https:\/\/www.cep.sk\/en\/the-war-in-the-balkans\/war-in-slovenia\/","url":"https:\/\/www.cep.sk\/en\/the-war-in-the-balkans\/war-in-slovenia\/","name":"War in Slovenia - Centrum pre eur\u00f3psku politiku","isPartOf":{"@id":"https:\/\/www.cep.sk\/#website"},"datePublished":"2021-12-19T22:37:22+00:00","dateModified":"2022-01-26T18:38:22+00:00","breadcrumb":{"@id":"https:\/\/www.cep.sk\/en\/the-war-in-the-balkans\/war-in-slovenia\/#breadcrumb"},"inLanguage":"en-US","potentialAction":[{"@type":"ReadAction","target":["https:\/\/www.cep.sk\/en\/the-war-in-the-balkans\/war-in-slovenia\/"]}]},{"@type":"BreadcrumbList","@id":"https:\/\/www.cep.sk\/en\/the-war-in-the-balkans\/war-in-slovenia\/#breadcrumb","itemListElement":[{"@type":"ListItem","position":1,"name":"Domovsk\u00e1 str\u00e1nka","item":"https:\/\/www.cep.sk\/"},{"@type":"ListItem","position":2,"name":"The war in the Balkans","item":"https:\/\/www.cep.sk\/en\/the-war-in-the-balkans\/"},{"@type":"ListItem","position":3,"name":"War in Slovenia"}]},{"@type":"WebSite","@id":"https:\/\/www.cep.sk\/#website","url":"https:\/\/www.cep.sk\/","name":"Centrum pre eur\u00f3psku politiku","description":"Motivujeme mlad\u00fdch k akt\u00edvnemu ob\u010dianstvu","potentialAction":[{"@type":"SearchAction","target":{"@type":"EntryPoint","urlTemplate":"https:\/\/www.cep.sk\/?s={search_term_string}"},"query-input":"required name=search_term_string"}],"inLanguage":"en-US"}]}},"_links":{"self":[{"href":"https:\/\/www.cep.sk\/en\/wp-json\/wp\/v2\/pages\/1114","targetHints":{"allow":["GET"]}}],"collection":[{"href":"https:\/\/www.cep.sk\/en\/wp-json\/wp\/v2\/pages"}],"about":[{"href":"https:\/\/www.cep.sk\/en\/wp-json\/wp\/v2\/types\/page"}],"author":[{"embeddable":true,"href":"https:\/\/www.cep.sk\/en\/wp-json\/wp\/v2\/users\/1"}],"replies":[{"embeddable":true,"href":"https:\/\/www.cep.sk\/en\/wp-json\/wp\/v2\/comments?post=1114"}],"version-history":[{"count":9,"href":"https:\/\/www.cep.sk\/en\/wp-json\/wp\/v2\/pages\/1114\/revisions"}],"predecessor-version":[{"id":1144,"href":"https:\/\/www.cep.sk\/en\/wp-json\/wp\/v2\/pages\/1114\/revisions\/1144"}],"up":[{"embeddable":true,"href":"https:\/\/www.cep.sk\/en\/wp-json\/wp\/v2\/pages\/1081"}],"wp:attachment":[{"href":"https:\/\/www.cep.sk\/en\/wp-json\/wp\/v2\/media?parent=1114"}],"curies":[{"name":"wp","href":"https:\/\/api.w.org\/{rel}","templated":true}]}}

<div id="" class="element core-spacer">
<div style="height:130px" aria-hidden="true" class="wp-block-spacer"></div>
</div>

<div id="" class="element core-columns">
<div class="wp-block-columns is-layout-flex wp-container-core-columns-is-layout-9d6595d7 wp-block-columns-is-layout-flex"><div id="" class="element core-column">
<div class="wp-block-column is-layout-flow wp-block-column-is-layout-flow"><div id="" class="element acf-modul blue">

<section class="modul blue">
	<div class="wrapper-out">
		<div class="wrapper-in">
			<div class="element-inner" style="background-image: url(https://www.cep.sk/wp-content/uploads/2021/12/Group-1146.svg);">
	       <h2>A war that<br />
lasted 10<br />
days</h2>
                                                                                       			</div>
		</div>
	</div>
</section>
</div></div>
</div>

<div id="" class="element core-column">
<div class="wp-block-column is-layout-flow wp-block-column-is-layout-flow"><div id="" class="element acf-modul">

<section class="modul">
	<div class="wrapper-out">
		<div class="wrapper-in">
			<div class="element-inner" >
	       <p>After the declaration of independence of Slovenia in June 1991, the Yugoslav People&#8217;s army was deployed on its territory and the so-called ten-day war broke out. The Slovenian army had less equipment and fewer personnel, but it was well braced for combat. The Yugoslav army was stronger, but it was not united and underestimated the onslaught on Slovenia (for example, its food supplies were not properly managed.)</p>
<p>Slovenia was not a priority for the Serbs. There was no Serbian minority living there, and so the war was quickly over.</p>
                                                                                       			</div>
		</div>
	</div>
</section>
</div></div>
</div>

<div id="" class="element core-column">
<div class="wp-block-column is-layout-flow wp-block-column-is-layout-flow"><div id="" class="element acf-modul">

<section class="modul">
	<div class="wrapper-out">
		<div class="wrapper-in">
			<div class="element-inner" >
	       <blockquote><p>We all followed the news about this war and said to one another that something like that would not happen in our country.</p></blockquote>
<p>Erna, citizen of Sarajevo</p>
                                                                                       			</div>
		</div>
	</div>
</section>
</div></div>
</div></div>
</div>

<div id="" class="element core-columns">
<div class="wp-block-columns is-layout-flex wp-container-core-columns-is-layout-9d6595d7 wp-block-columns-is-layout-flex"><div id="" class="element core-column sirka-2-3">
<div class="wp-block-column sirka-2-3 is-layout-flow wp-block-column-is-layout-flow"><div id="" class="element acf-modul len-obrazok">

<section class="modul len-obrazok">
	<div class="wrapper-out">
		<div class="wrapper-in">
			<div class="element-inner" style="background-image: url(https://www.cep.sk/wp-content/uploads/2021/12/vojna-v-slovinsku.png);">
	                                                                                              			</div>
		</div>
	</div>
</section>
</div></div>
</div>

<div id="" class="element core-column">
<div class="wp-block-column is-layout-flow wp-block-column-is-layout-flow"><div id="" class="element acf-modul velky-svetly-text">

<section class="modul velky-svetly-text">
	<div class="wrapper-out">
		<div class="wrapper-in">
			<div class="element-inner" >
	       <p>The break-up of the Socialist Federal Republic of Yugoslavia started with the independence of Slovenia.</p>
                                                                                       			</div>
		</div>
	</div>
</section>
</div></div>
</div></div>
</div>

<div id="" class="element core-spacer">
<div style="height:45px" aria-hidden="true" class="wp-block-spacer"></div>
</div>

<div id="" class="element core-heading padding-side">
<h2 class="padding-side wp-block-heading" id="jedna-vojna-tri-pribehy">Jedna vojna,<br>tri príbehy </h2>
</div>

<div id="" class="element core-columns rozcestnik">
<div class="wp-block-columns rozcestnik is-layout-flex wp-container-core-columns-is-layout-9d6595d7 wp-block-columns-is-layout-flex"><div id="" class="element core-column">
<div class="wp-block-column is-layout-flow wp-block-column-is-layout-flow"><div id="" class="element acf-modul hr">

<section class="modul hr">
	<div class="wrapper-out">
		<div class="wrapper-in">
			<div class="element-inner" >
	       <h3>War<br />
in Croatia<br />
<strong>1991-1995</strong></h3>
<p>Kým Slováci na severe krajiny dovolenkovali, inde zúrila vojna.</p>
<p><a class="button button-light-black-2" href="https://www.cep.sk/en/the-war-in-the-balkans/war-in-croatia/">O vojne v Chorvátsku</a></p>
                                                                                       			</div>
		</div>
	</div>
</section>
</div></div>
</div>

<div id="" class="element core-column">
<div class="wp-block-column is-layout-flow wp-block-column-is-layout-flow"><div id="" class="element acf-modul bih">

<section class="modul bih">
	<div class="wrapper-out">
		<div class="wrapper-in">
			<div class="element-inner" >
	       <h3>War in Bosnia<br />
and Herzegovina<br />
<strong>1992-1995</strong></h3>
<p>Krajina, kde bojovali všetci proti všetkým.</p>
<p><a class="button button-light-black-2" href="https://www.cep.sk/en/the-war-in-the-balkans/war-in-bosnia-and-herzegovina/">O vojne v Bosne a Hercegovine</a></p>
                                                                                       			</div>
		</div>
	</div>
</section>
</div></div>
</div>

<div id="" class="element core-column">
<div class="wp-block-column is-layout-flow wp-block-column-is-layout-flow"><div id="" class="element acf-modul spat">

<section class="modul spat">
	<div class="wrapper-out">
		<div class="wrapper-in">
			<div class="element-inner" >
	       <h3>Späť na<br />
úvod o vojne</h3>
<p><a class="button button-light-black-2" href="https://www.cep.sk/en/the-war-in-the-balkans/">Ako sa z našich stali cudzí</a></p>
                                                                                       			</div>
		</div>
	</div>
</section>
</div></div>
</div></div>
</div>

<p>Jedna vojna,tri príbehy</p>

<!-- This site is optimized with the Yoast SEO plugin v19.11 - https://yoast.com/wordpress/plugins/seo/ -->
<title>War in Slovenia - Centrum pre európsku politiku</title>
<meta name="robots" content="index, follow, max-snippet:-1, max-image-preview:large, max-video-preview:-1" />
<link rel="canonical" href="https://www.cep.sk/en/the-war-in-the-balkans/war-in-slovenia/" />
<meta property="og:locale" content="en_US" />
<meta property="og:type" content="article" />
<meta property="og:title" content="War in Slovenia - Centrum pre európsku politiku" />
<meta property="og:description" content="Jedna vojna,tri príbehy" />
<meta property="og:url" content="https://www.cep.sk/en/the-war-in-the-balkans/war-in-slovenia/" />
<meta property="og:site_name" content="Centrum pre európsku politiku" />
<meta property="article:modified_time" content="2022-01-26T18:38:22+00:00" />
<meta property="og:image" content="https://www.cep.sk/wp-content/uploads/2022/01/CEP_Sharepic-page.png" />
	<meta property="og:image:width" content="1200" />
	<meta property="og:image:height" content="628" />
	<meta property="og:image:type" content="image/png" />
<meta name="twitter:card" content="summary_large_image" />
<meta name="twitter:label1" content="Est. reading time" />
	<meta name="twitter:data1" content="1 minute" />
<script type="application/ld+json" class="yoast-schema-graph">{"@context":"https://schema.org","@graph":[{"@type":"WebPage","@id":"https://www.cep.sk/en/the-war-in-the-balkans/war-in-slovenia/","url":"https://www.cep.sk/en/the-war-in-the-balkans/war-in-slovenia/","name":"War in Slovenia - Centrum pre európsku politiku","isPartOf":{"@id":"https://www.cep.sk/#website"},"datePublished":"2021-12-19T22:37:22+00:00","dateModified":"2022-01-26T18:38:22+00:00","breadcrumb":{"@id":"https://www.cep.sk/en/the-war-in-the-balkans/war-in-slovenia/#breadcrumb"},"inLanguage":"en-US","potentialAction":[{"@type":"ReadAction","target":["https://www.cep.sk/en/the-war-in-the-balkans/war-in-slovenia/"]}]},{"@type":"BreadcrumbList","@id":"https://www.cep.sk/en/the-war-in-the-balkans/war-in-slovenia/#breadcrumb","itemListElement":[{"@type":"ListItem","position":1,"name":"Domovská stránka","item":"https://www.cep.sk/"},{"@type":"ListItem","position":2,"name":"The war in the Balkans","item":"https://www.cep.sk/en/the-war-in-the-balkans/"},{"@type":"ListItem","position":3,"name":"War in Slovenia"}]},{"@type":"WebSite","@id":"https://www.cep.sk/#website","url":"https://www.cep.sk/","name":"Centrum pre európsku politiku","description":"Motivujeme mladých k aktívnemu občianstvu","potentialAction":[{"@type":"SearchAction","target":{"@type":"EntryPoint","urlTemplate":"https://www.cep.sk/?s={search_term_string}"},"query-input":"required name=search_term_string"}],"inLanguage":"en-US"}]}</script>
<!-- / Yoast SEO plugin. -->

War in Slovenia - Centrum pre európsku politiku

Jedna vojna,tri príbehy

Centrum pre európsku politiku

Domovská stránka

Motivujeme mladých k aktívnemu občianstvu
